
Let p be 136*(5 + -4) - -2. Let v = 228 - p. Calculate the highest common factor of 10 and v.
10
Let k = -135 - -156. Let m(f) = -17*f**3 + 4*f**2 + 3*f + 1. Let a be m(-2). Calculate the highest common factor of a and k.
21
Let g(c) = -c - 2*c + 8*c. Let k be g(4). Calculate the greatest common factor of 5 and k.
5
Let p = 32 - -25. Suppose 2*i = 75 + p. Calculate the highest common divisor of 22 and i.
22
Suppose 0 = -10*z - 139 + 379. Suppose -41*r = -36*r - 600. What is the highest common factor of z and r?
24
Let w(l) = 5*l - 65. Let a be w(15). What is the highest common factor of a and 30?
10
Suppose -5*y + 36 - 1 = 0. Let l = 19 + -12. What is the greatest common divisor of y and l?
7
Let z(f) = -f**2 - 19*f - 10. Let q be z(-18). What is the highest common factor of 232 and q?
8
Let v = -1554 - -1782. Calculate the greatest common factor of v and 108.
12
Suppose 0 = -29*a + 76*a - 940. What is the highest common factor of a and 24?
4
Let a(j) = -8*j + 3. Let q = 12 + -15. Let t be a(q). Let o = -31 + 40. What is the greatest common divisor of o and t?
9
Let t = 123 + -106. Let c = 75 - -44. Calculate the greatest common divisor of c and t.
17
Let g be -2*1/2*-9. Suppose 4*p - 2*x - 34 = -12, -3*x - 9 = 0. Suppose -y = -5*y + p. Calculate the greatest common divisor of g and y.
1
Suppose -7*v + 2*v = -3*h - 95, -2*v + 37 = -h. Let g(n) = -n**2 + 21*n - 26. Let m be g(v). What is the greatest common factor of 72 and m?
18
Suppose 0 = 35*b - 5604 - 276. Calculate the highest common divisor of 588 and b.
84
Let m be 49 + 1 - 0/64. Calculate the highest common factor of 1150 and m.
50
Let h(c) = c**3 + 5*c**2 + c + 8. Let y be h(-6). Let l = y - -64. Let j = 13 + -7. What is the highest common factor of j and l?
6
Let d be -3 + 12/2 - -6. Suppose -d*v + 12*v = 3. What is the highest common factor of v and 11?
1
Suppose -5*d + 2 + 13 = 0. Let w be (-1)/d - 8/(-6). Let n(v) = 10*v**3 - v**2 + 3*v - 2. Let o be n(w). What is the highest common divisor of 5 and o?
5
Let k = -227 + 238. Calculate the highest common divisor of k and 55.
11
Suppose 5*p - 9*p = -8. Let q = p + 4. Calculate the greatest common divisor of q and 15.
3
Suppose 6 + 116 = 4*f + 2*s, s - 145 = -5*f. Suppose 0 = -2*y - 607 + 621. What is the highest common factor of f and y?
7
Let d = -22 + 47. Let p be ((-19)/3)/(1/6). Let a = -28 - p. What is the highest common factor of a and d?
5
Let s be 215/15 + 2/3. Let r = s - 10. Suppose -280 = -5*u + r*i, 4*u + 0*i - 252 = -3*i. What is the greatest common divisor of 12 and u?
12
Let z = 72 - -68. What is the greatest common factor of 60 and z?
20
Let j be 0 + 0 + -1 - -271. Let p(u) = 32*u**2 - 314*u - 316. Let g be p(-1). Calculate the greatest common factor of j and g.
30
Let m = 166 - 156. Suppose c - 2*b = 2*c - 21, c - 5*b - 35 = 0. What is the highest common divisor of m and c?
5
Let h(k) = k**2 - 23*k + 175. Let c be h(18). Calculate the greatest common divisor of 935 and c.
85
Suppose -272 = 47*p - 15312. Calculate the highest common divisor of 10 and p.
10
Suppose 0 = -4*f + 3*g + 85, 0 = 2*f - 4*g + 5 - 35. Calculate the highest common divisor of f and 35.
5
Let x = 139 + -130. Let q be (-6)/(-15) - (-228)/(-20). Let n = q + 47. What is the highest common divisor of x and n?
9
Let p(l) = 3*l**3 + 4*l**2 - 3*l - 1. Let j be p(4). What is the greatest common factor of j and 27?
27
Let s(l) = 7 + 9 - l - 12 - 5*l. Let y be s(-1). Let x(k) = -4*k + 6. Let g be x(-6). What is the greatest common factor of y and g?
10
Suppose -4*l + 166 = -3*y, -y + 5*l + 14 = 62. Suppose -z - 48 = -5*z. Let f be z/(-42) - y/7. What is the highest common factor of f and 40?
8
Let w be ((-13)/(-4))/(2/(-16)). Let l = 27 + w. Let m = 6 - -2. Calculate the greatest common factor of l and m.
1
Suppose 0 = -5*n - 24 + 94. Let v = 5496 - 5342. What is the highest common factor of v and n?
14
Let d(x) = 4*x - 9. Suppose -5*r = -q + 24, -4*q - 5*r + 30 = q. Let z be d(q). Calculate the greatest common factor of 9 and z.
9
Let o = 1 + 33. Let z be ((-4)/6)/((-67)/3417). Calculate the highest common factor of o and z.
34
Let p(q) = -6*q**2 + 20*q**3 + 5*q**2 - 24 + 22 + 3*q. Let y be p(1). Calculate the highest common factor of 180 and y.
20
Suppose 3*m + 9 = -2*v, 0 = v - 4*m + 2*m - 6. Let u be (-3)/1 + v/(-2). Let z be ((-1)/u)/(6/36). Calculate the greatest common divisor of z and 4.
2
Let k(d) = 12 - 5 + 64*d - 66*d + d**3 - 2*d**2. Let w be k(3). What is the greatest common divisor of w and 10?
10
Suppose -639 = -i + k, -3*i + 5*k + 1095 = -814. Suppose 0 = -n + 3*c + 314, -2*n + i = 2*c - 5*c. Calculate the highest common factor of 47 and n.
47
Let r = 10 - 10. Suppose r = -c - 3*c + 76. What is the highest common divisor of 76 and c?
19
Suppose -4*i + 564 = g + 212, -3*g = 3*i - 264. Let o = 5 + -2. Let a be (13 + -1)*2/o. What is the greatest common divisor of i and a?
8
Let w be (6/18)/(2/12). Suppose 1 = -h - 5*y, -w*h - y = y + 2. Let q be 6 + -2 + h - -25. What is the greatest common factor of q and 4?
4
Suppose y = -s + 99, -5*s - y = -6*y - 545. Suppose 5*i + h - 4*h - s = 0, 0 = 2*i - 3*h - 38. What is the highest common factor of 44 and i?
22
Let g be (80/(-2))/4*1. Let f be (8/10)/(2/g). Let s be 12*(-3 + 1)/f. Calculate the greatest common factor of 42 and s.
6
Let x be (120/100)/(2/5). Let q be 3 + 11/1 + x. Suppose -357 = -3*k - 0*k. What is the greatest common divisor of q and k?
17
Suppose 97*g = 94*g + 1416. What is the highest common divisor of 59 and g?
59
Suppose 3*x = -3*m + 45, -7*x + 6*x + m + 5 = 0. Calculate the greatest common factor of 15 and x.
5
Let x = -2187 + 2196. Calculate the highest common factor of 30 and x.
3
Let i(p) = -10*p - 3. Let o be i(-3). Let m = 82 - 21. Let q = o + m. What is the highest common factor of 11 and q?
11
Let o = 239 - 167. Calculate the highest common divisor of o and 9.
9
Let i be ((-3)/(1 - 4))/((-3)/(-24)). Calculate the highest common factor of 122 and i.
2
Let c(x) = -41*x - 36. Let b be c(-1). Calculate the highest common divisor of b and 565.
5
Let x(c) = -c**3 - 3*c**2 + c - 3. Let m be x(-4). Let l be (m + 1)*22/4. What is the highest common factor of 22 and l?
11
Suppose -b + 20 = 3. Let x be (-170)/15*12/(-8). Calculate the greatest common divisor of b and x.
17
Let d = 651 - -39. What is the highest common factor of 30 and d?
30
Suppose 52 = 3*t - 377. Suppose 7*g - 5*g - 26 = 0. What is the highest common factor of t and g?
13
Suppose -265*q + 110*q + 4960 = 0. Let w be (-194)/(-4) + 1/(-2). What is the highest common factor of q and w?
16
Let p(d) = d**2 + 5*d - 3. Let m be p(-10). Let k = m - -17. Calculate the greatest common factor of k and 16.
16
Let m(t) = 18 - t + t**2 + 7*t - 11*t + 2*t**2. Let a be m(5). What is the highest common factor of a and 17?
17
Suppose -4*l - 13 + 61 = 0. Let v = -9 + l. Let g be 6*v - (1 - 0). What is the highest common factor of 17 and g?
17
Let j = 518 - 506. What is the greatest common factor of 108 and j?
12
Suppose 8*w - 88 = -14*w. What is the greatest common factor of 32 and w?
4
Let u = 220 - 163. Let x = 1 - 3. Let b be (-1)/(-2)*x*-19. Calculate the greatest common factor of u and b.
19
Suppose 2*c - 2 = -0. Suppose -i + 0*i = -3*k + 32, 3*i + 5*k = -26. Let u be (i/34)/(1/(-6)). Calculate the greatest common divisor of c and u.
1
Let b(k) = -4*k - 6. Suppose 3*c - c + 10 = 0. Let y be b(c). Suppose -3*w - 19 = -u, 2*u - 13 = w + 5. Calculate the greatest common divisor of u and y.
7
Let n be (-11)/((8/6)/2 - 1). Suppose 2*t = 3*t - 363. What is the greatest common factor of n and t?
33
Suppose -k - 1 = -0*k, 3*o - 3*k - 135 = 0. Calculate the greatest common divisor of 66 and o.
22
Suppose -37*l + 16992 = -13*l. Calculate the highest common divisor of 12 and l.
12
Let n = -2143 - -3007. Calculate the highest common factor of n and 12.
12
Let z = -7156 - -7166. Let m(y) = -y**3 + y + 8. Let u be m(0). Let v = 62 + u. Calculate the highest common divisor of v and z.
10
Suppose 0 = -7*l + 8*l - 10. Let j = l - -30. Calculate the highest common divisor of j and 20.
20
Let v be 37/7 + 30/(-105). Let c be 3*7/(-21) - -6. What is the highest common divisor of c and v?
5
Suppose -2*u - 95 = -5*k, 4*k + 0*k - 88 = 4*u. Calculate